{"id":10713,"date":"2014-11-02T18:50:15","date_gmt":"2014-11-02T17:50:15","guid":{"rendered":"http:\/\/helbab.cz\/?page_id=10713"},"modified":"2025-06-25T14:57:28","modified_gmt":"2025-06-25T13:57:28","slug":"pomucky-pro-1-rocnik","status":"publish","type":"page","link":"https:\/\/helbab.cz\/?page_id=10713","title":{"rendered":"POM\u016eCKY PRO 2. RO\u010cN\u00cdK"},"content":{"rendered":"<p><span style=\"color: #0000ff;\"><strong>Pytl\u00edk na ba\u010dkory<\/strong>, ba\u010dkory<\/span><\/p>\n<p><span style=\"color: #0000ff;\"><strong>Pol\u0161t\u00e1\u0159ek, podsed\u00e1k<\/strong><\/span><\/p>\n<p><span style=\"color: #0000ff;\"><strong>Pytl\u00edk<\/strong> <strong>na t\u011blocvik<\/strong>, cvi\u010debn\u00ed \u00fabor (tri\u010dko, trenky, tepl\u00e1ky, bunda, cvi\u010dky \u2013 boty do t\u011blocvi\u010dny, tenisky \u2013 boty ven v\u00a0l\u00e1tkov\u00e9m s\u00e1\u010dku), \u0161vihadlo spr\u00e1vn\u00e9 d\u00e9lky \u2013 <strong>v\u0161e podepsan\u00e9<\/strong><\/span><\/p>\n<p><span style=\"color: #0000ff;\"><strong>VV<\/strong> \u2013 2x vysunovac\u00ed lepidlo velk\u00e9, pastelky Progressa (mohou b\u00fdt i velk\u00e9), z\u00e1st\u011bra<\/span><\/p>\n<p><span style=\"color: #0000ff;\"><strong>V\u00a0ta\u0161ce<\/strong> &#8211; 1 siln\u011bj\u0161\u00ed pr\u016fsvitn\u00e9 desky na voln\u00e9 listy, obaly na se\u0161ity \u2013 5 mal\u00fdch \/A5\/, 4 velk\u00e9 \/A4\/,1 malink\u00fd (den\u00ed\u010dek), fl\u00e9tnu + noty na fl\u00e9tnu z\u00a01. t\u0159\u00eddy, plastov\u00e9 prav\u00edtko \u2013 na r\u00fdsov\u00e1n\u00ed a m\u011b\u0159en\u00ed (NE ohebn\u00e9)<\/span><\/p>\n<p><span style=\"color: #0000ff;\"><strong>V\u00a0pen\u00e1le<\/strong>: 2 tu\u017eky \u010d. 2, 2 tu\u017eky \u010d. 3, 2 pera, mal\u00e9 prav\u00edtko, gumu, pastelky, mohu m\u00edt zmiz\u00edk<\/span><\/p>\n<p><span style=\"color: #0000ff;\"><strong>Obalit u\u010debnice<\/strong><\/span><\/p>\n<p><span style=\"color: #0000ff;\"><strong><u>Knihy, kter\u00e9 budeme \u010d\u00edst ve 2.t\u0159.<\/u>: <\/strong><\/span><\/p>\n<p><span style=\"color: #0000ff;\"><strong>Jak v\u00edla Ani\u010dka zachr\u00e1nila jaro <\/strong><em>(d\u011bti dostaly na Slavnosti \u010dten\u00ed) <\/em><strong>+<\/strong> <strong>Pov\u00edd\u00e1n\u00ed o pejskovi a ko\u010di\u010dce <\/strong><em>(budeme \u010d\u00edst ve 2. pololet\u00ed, d\u011bti budou m\u00edt svou, v\u011bt\u0161ina d\u011bt\u00ed ji m\u00e1 doma, ostatn\u00ed si p\u016fj\u010d\u00ed)<\/em> + O vodn\u00edku Br\u010d\u00e1lkovi + \u0160imon a \u0161t\u011b\u0148\u00e1tko B\u00e1ra + \u010cesk\u00e9 pov\u011bsti pro mal\u00e9 d\u011bti + D\u00e1\u0161e\u0148ka <em>(knihy, kter\u00e9 nejsou tu\u010dn\u011b vyti\u0161t\u011bn\u00e9, m\u00e1me ve \u0161kole)<\/em><\/span><span style=\"color: #0000ff;\"><strong>\u00a0 \u00a0 \u00a0 \u00a0 \u00a0 \u00a0 \u00a0 \u00a0 \u00a0 \u00a0 \u00a0 \u00a0 \u00a0 \u00a0 \u00a0 \u00a0 \u00a0 \u00a0 \u00a0\u00a0<\/strong><\/span><\/p>\n<p><span style=\"color: #0000ff;\"><strong>O pr\u00e1zdnin\u00e1ch i d\u011bti budou \u010d\u00edst sv\u00e9 knihy a p\u0159e\u010dten\u00e9 zapisovat do den\u00edku, mohou si i vlepovat vstupenky, pohledy&#8230;&#8230;z hrad\u016f, z\u00e1mk\u016f \u2026\u2026&#8230;<\/strong><\/span><\/p>\n<p><span style=\"color: #0000ff;\">Pokud si na m\u011b d\u011bti o pr\u00e1zdnin\u00e1ch vzpomenou a budou m\u011b cht\u00edt pot\u011b\u0161it \u2013 moje adresa:\u00a0\u00a0\u00a0\u00a0\u00a0\u00a0\u00a0\u00a0\u00a0<\/span><\/p>\n<p><span style=\"color: #0000ff;\">\u00a0\u00a0\u00a0\u00a0\u00a0\u00a0\u00a0\u00a0\u00a0\u00a0\u00a0\u00a0\u00a0\u00a0\u00a0\u00a0\u00a0\u00a0\u00a0\u00a0\u00a0\u00a0 Helena Bab\u00e1kov\u00e1, Dukelsk\u00fdch hrdin\u016f 572, 281 51 Velk\u00fd Osek<\/span><\/p>\n<p>&nbsp;<\/p>\n","protected":false},"excerpt":{"rendered":"<p>Pytl\u00edk na ba\u010dkory, ba\u010dkory Pol\u0161t\u00e1\u0159ek, podsed\u00e1k Pytl\u00edk na t\u011blocvik, cvi\u010debn\u00ed \u00fabor (tri\u010dko, trenky, tepl\u00e1ky, bunda, cvi\u010dky \u2013 boty do t\u011blocvi\u010dny, tenisky \u2013 boty ven v\u00a0l\u00e1tkov\u00e9m s\u00e1\u010dku), \u0161vihadlo spr\u00e1vn\u00e9 d\u00e9lky \u2013 v\u0161e podepsan\u00e9 VV \u2013 2x vysunovac\u00ed lepidlo velk\u00e9, pastelky Progressa (mohou b\u00fdt i velk\u00e9), z\u00e1st\u011bra V\u00a0ta\u0161ce &#8211; 1 siln\u011bj\u0161\u00ed pr\u016fsvitn\u00e9 desky na voln\u00e9 listy, obaly [&hellip;]<\/p>\n","protected":false},"author":1,"featured_media":0,"parent":0,"menu_order":0,"comment_status":"closed","ping_status":"closed","template":"","meta":{"footnotes":""},"class_list":["post-10713","page","type-page","status-publish","hentry"],"_links":{"self":[{"href":"https:\/\/helbab.cz\/index.php?rest_route=\/wp\/v2\/pages\/10713"}],"collection":[{"href":"https:\/\/helbab.cz\/index.php?rest_route=\/wp\/v2\/pages"}],"about":[{"href":"https:\/\/helbab.cz\/index.php?rest_route=\/wp\/v2\/types\/page"}],"author":[{"embeddable":true,"href":"https:\/\/helbab.cz\/index.php?rest_route=\/wp\/v2\/users\/1"}],"replies":[{"embeddable":true,"href":"https:\/\/helbab.cz\/index.php?rest_route=%2Fwp%2Fv2%2Fcomments&post=10713"}],"version-history":[{"count":141,"href":"https:\/\/helbab.cz\/index.php?rest_route=\/wp\/v2\/pages\/10713\/revisions"}],"predecessor-version":[{"id":24995,"href":"https:\/\/helbab.cz\/index.php?rest_route=\/wp\/v2\/pages\/10713\/revisions\/24995"}],"wp:attachment":[{"href":"https:\/\/helbab.cz\/index.php?rest_route=%2Fwp%2Fv2%2Fmedia&parent=10713"}],"curies":[{"name":"wp","href":"https:\/\/api.w.org\/{rel}","templated":true}]}}