{"id":13403,"date":"2016-09-15T14:24:16","date_gmt":"2016-09-15T13:24:16","guid":{"rendered":"http:\/\/helbab.cz\/?page_id=13403"},"modified":"2021-12-03T13:27:29","modified_gmt":"2021-12-03T12:27:29","slug":"akce-nasi-tridy","status":"publish","type":"page","link":"https:\/\/helbab.cz\/?page_id=13403","title":{"rendered":"Akce na\u0161\u00ed t\u0159\u00eddy"},"content":{"rendered":"","protected":false},"excerpt":{"rendered":"","protected":false},"author":1,"featured_media":0,"parent":0,"menu_order":0,"comment_status":"closed","ping_status":"closed","template":"","meta":{"footnotes":""},"class_list":["post-13403","page","type-page","status-publish","hentry"],"_links":{"self":[{"href":"https:\/\/helbab.cz\/index.php?rest_route=\/wp\/v2\/pages\/13403"}],"collection":[{"href":"https:\/\/helbab.cz\/index.php?rest_route=\/wp\/v2\/pages"}],"about":[{"href":"https:\/\/helbab.cz\/index.php?rest_route=\/wp\/v2\/types\/page"}],"author":[{"embeddable":true,"href":"https:\/\/helbab.cz\/index.php?rest_route=\/wp\/v2\/users\/1"}],"replies":[{"embeddable":true,"href":"https:\/\/helbab.cz\/index.php?rest_route=%2Fwp%2Fv2%2Fcomments&post=13403"}],"version-history":[{"count":1,"href":"https:\/\/helbab.cz\/index.php?rest_route=\/wp\/v2\/pages\/13403\/revisions"}],"predecessor-version":[{"id":13404,"href":"https:\/\/helbab.cz\/index.php?rest_route=\/wp\/v2\/pages\/13403\/revisions\/13404"}],"wp:attachment":[{"href":"https:\/\/helbab.cz\/index.php?rest_route=%2Fwp%2Fv2%2Fmedia&parent=13403"}],"curies":[{"name":"wp","href":"https:\/\/api.w.org\/{rel}","templated":true}]}}