{"id":19515,"date":"2021-09-06T14:34:48","date_gmt":"2021-09-06T13:34:48","guid":{"rendered":"http:\/\/helbab.cz\/?page_id=19515"},"modified":"2026-04-15T21:13:01","modified_gmt":"2026-04-15T20:13:01","slug":"pro-nemocne","status":"publish","type":"page","link":"https:\/\/helbab.cz\/?page_id=19515","title":{"rendered":"T\u00fddenn\u00ed pl\u00e1ny, pro nemocn\u00e9"},"content":{"rendered":"\n<div class=\"wp-block-columns is-layout-flex wp-container-core-columns-is-layout-1 wp-block-columns-is-layout-flex\">\n<div class=\"wp-block-column is-layout-flow wp-block-column-is-layout-flow\"><\/div>\n<\/div>\n\n\n<p><a href=\"http:\/\/helbab.cz\/wp-content\/uploads\/tydenni-plan-13.-17.4.pdf\" target=\"_blank\" rel=\"noopener\">ty\u0301denni\u0301 pla\u0301n 13.-17.4.\u00a0<\/a> +\u00a0<a href=\"http:\/\/helbab.cz\/wp-content\/uploads\/dobr.d.cv_.-13.4.-lehci.pdf\" target=\"_blank\" rel=\"noopener\">dobr.d.cv. 13.4. lehc\u030ci\u0301<\/a>\u00a0 + <a href=\"http:\/\/helbab.cz\/wp-content\/uploads\/dobr.d.cv_.-13.4.-tezsi.pdf\" target=\"_blank\" rel=\"noopener\">dobr.d.cv. 13.4. te\u030cz\u030cs\u030ci\u0301<\/a><\/p>\n<p><a href=\"http:\/\/helbab.cz\/wp-content\/uploads\/tydenni-plan-7.-10.4-1.pdf\" target=\"_blank\" rel=\"noopener\">ty\u0301denni\u0301 pla\u0301n 7.-10.4.<\/a>\u00a0+\u00a0 <a href=\"http:\/\/helbab.cz\/wp-content\/uploads\/dobr.d.cv_.-7.4.-lehci.pdf\" target=\"_blank\" rel=\"noopener\">dobr.d.cv. 7.4. lehc\u030ci\u0301<\/a> + <a href=\"http:\/\/helbab.cz\/wp-content\/uploads\/dobr.d.cv_.-7.4.-tezsi.pdf\" target=\"_blank\" rel=\"noopener\">dobr.d.cv. 7.4. &#8211; te\u030cz\u030cs\u030ci\u0301<\/a><\/p>\n<p><a href=\"http:\/\/helbab.cz\/wp-content\/uploads\/tydenni-plan-30.3.-1.4-1.pdf\" target=\"_blank\" rel=\"noopener\">ty\u0301denni\u0301 pla\u0301n 30.3.-1.4.<\/a><\/p>\n<p><a href=\"http:\/\/helbab.cz\/wp-content\/uploads\/tydenni-plan-23.-27.3-1.pdf\" target=\"_blank\" rel=\"noopener\">ty\u0301denni\u0301 pla\u0301n 23.-27.3. <\/a>+\u00a0<a href=\"http:\/\/helbab.cz\/wp-content\/uploads\/dobr.d.cv_.-23.-30.3.-lehci.pdf\" target=\"_blank\" rel=\"noopener\">dobr.d.cv. 23.3. lehc\u030ci\u0301.\u00a0<\/a> +\u00a0 <a href=\"http:\/\/helbab.cz\/wp-content\/uploads\/dobr.d.cv_.-23.-30.3.-tezsi.pdf\" target=\"_blank\" rel=\"noopener\">dobr.d.cv. 23.3. te\u030cz\u030cs\u030ci\u0301<\/a>\u00a0<\/p>\n<p><a href=\"http:\/\/helbab.cz\/wp-content\/uploads\/tydenni-plan-16.-20.3.pdf\" target=\"_blank\" rel=\"noopener\">ty\u0301denni\u0301 pla\u0301n 16.-20.3.\u00a0<\/a> +\u00a0 <a href=\"http:\/\/helbab.cz\/wp-content\/uploads\/dobr.-d.cv_.16.3.-lehci-1.pdf\" target=\"_blank\" rel=\"noopener\">dobr. d.cv.16.3. lehc\u030ci\u0301<\/a> +\u00a0 <a href=\"http:\/\/helbab.cz\/wp-content\/uploads\/dobr.d.cv_.-16.3.-tezsi.pdf\" target=\"_blank\" rel=\"noopener\">dobr.d.cv. 16.3. te\u030cz\u030cs\u030ci\u0301<\/a>\u00a0<\/p>\n<p><a href=\"http:\/\/helbab.cz\/wp-content\/uploads\/tydenni-plan-2.-6.3-1.pdf\" target=\"_blank\" rel=\"noopener\">ty\u0301denni\u0301 pla\u0301n 2.-6.3.<\/a><\/p>\n<p><a href=\"http:\/\/helbab.cz\/wp-content\/uploads\/tydenni-plan-23.-27.2.pdf\" target=\"_blank\" rel=\"noopener\">ty\u0301denni\u0301 pla\u0301n 23.-27.2.\u00a0<\/a> +\u00a0<a href=\"http:\/\/helbab.cz\/wp-content\/uploads\/dobr.d.cv_.-23.2.-lehci.pdf\" target=\"_blank\" rel=\"noopener\">dobr.d.cv. 23.2. lehc\u030ci\u0301.\u00a0<\/a> +\u00a0<a href=\"http:\/\/helbab.cz\/wp-content\/uploads\/dobr.d.cv_.-23.2.-tezsi.pdf\" target=\"_blank\" rel=\"noopener\">dobr.d.cv. 23.2. te\u030cz\u030cs\u030ci\u0301<\/a><\/p>\n<p><a href=\"http:\/\/helbab.cz\/wp-content\/uploads\/tydenni-plan-16.-20.2.pdf\" target=\"_blank\" rel=\"noopener\">ty\u0301denni\u0301 pla\u0301n 16.-20.2.<\/a> +\u00a0<a href=\"http:\/\/helbab.cz\/wp-content\/uploads\/dobr.d.cv_.-16.2.-lehci.pdf\" target=\"_blank\" rel=\"noopener\">dobr.d.cv. 16.2. lehc\u030ci\u0301<\/a>\u00a0 + <a href=\"http:\/\/helbab.cz\/wp-content\/uploads\/dobr.d.cv_.-16.2.-tezsi.pdf\" target=\"_blank\" rel=\"noopener\">dobr.d.cv. 16.2. te\u030cz\u030cs\u030ci\u0301<\/a><\/p>\n<p><a href=\"http:\/\/helbab.cz\/wp-content\/uploads\/tydenni-plan-9.-13.2.pdf\" target=\"_blank\" rel=\"noopener\">ty\u0301denni\u0301 pla\u0301n 9.-13.2. <\/a>+ <a href=\"http:\/\/helbab.cz\/wp-content\/uploads\/dobr.d.cv_.-9.2.-lehci.pdf\" target=\"_blank\" rel=\"noopener\">dobr.d.cv. 9.2. lehc\u030ci\u0301<\/a> + <a href=\"http:\/\/helbab.cz\/wp-content\/uploads\/dobr.d.cv_.-9.2.-tezsi.pdf\" target=\"_blank\" rel=\"noopener\">dobr.d.cv. 9.2. te\u030cz\u030cs\u030ci\u0301<\/a><\/p>\n<p><a href=\"http:\/\/helbab.cz\/wp-content\/uploads\/tydenni-plan-2.-6.2.pdf\" target=\"_blank\" rel=\"noopener\">ty\u0301denni\u0301 pla\u0301n 2.-6.2.\u00a0 <\/a>+ <a href=\"http:\/\/helbab.cz\/wp-content\/uploads\/dob.d.cv_.-2.2.-lehke.pdf\" target=\"_blank\" rel=\"noopener\">dobr.d.cv. 2.2. lehke\u0301<\/a> + <a href=\"http:\/\/helbab.cz\/wp-content\/uploads\/dobr.-d.cv_.-2.2.-tezsi.pdf\" target=\"_blank\" rel=\"noopener\">dobr. d.cv. 2.2. te\u030cz\u030cs\u030ci\u0301<\/a>\u00a0<\/p>\n<p><a href=\"http:\/\/helbab.cz\/wp-content\/uploads\/tydenni-plan-26.-29.1.pdf\" target=\"_blank\" rel=\"noopener\">ty\u0301denni\u0301 pla\u0301n 26.-29.1.<\/a><\/p>\n<p><a href=\"http:\/\/helbab.cz\/wp-content\/uploads\/tydenni-plan-19.-23.1.pdf\" target=\"_blank\" rel=\"noopener\">t\u00fddenni\u0301 pla\u0301n 19.-23.1.<\/a> +\u00a0\u00a0<a href=\"http:\/\/helbab.cz\/wp-content\/uploads\/dobr.d.cv_.-19.1.-lehke.pdf\" target=\"_blank\" rel=\"noopener\">dobr.d.cv. 19.1. lehke\u0301.\u00a0<\/a> + <a href=\"http:\/\/helbab.cz\/wp-content\/uploads\/dobr.d.cv_.-19.1.-tezke.pdf\" target=\"_blank\" rel=\"noopener\">dobr.d.cv. 19.1. te\u030cz\u030cke\u0301<\/a><\/p>\n<p><a href=\"http:\/\/helbab.cz\/wp-content\/uploads\/tydenni-plan-12.-16.1.pdf\" target=\"_blank\" rel=\"noopener\">ty\u0301denni\u0301 pla\u0301n 12.-16.1.\u00a0<\/a> +\u00a0<a href=\"http:\/\/helbab.cz\/wp-content\/uploads\/dobr.d.cv_.-12.1.-lehke.pdf\" target=\"_blank\" rel=\"noopener\">dobr.d.cv. 12.1. lehke\u0301. <\/a>\u00a0+\u00a0 <a href=\"http:\/\/helbab.cz\/wp-content\/uploads\/dobr.d.cv_.-12.1.-tezke.pdf\" target=\"_blank\" rel=\"noopener\">dobr.d.cv. 12.1. te\u030cz\u030cke\u0301<\/a>\u00a0<\/p>\n<p><a href=\"http:\/\/helbab.cz\/wp-content\/uploads\/tydenni-plan-5.-9.1.pdf\" target=\"_blank\" rel=\"noopener\">ty\u0301denni\u0301 pla\u0301n 5.-9.1.<\/a>\u00a0+ <a href=\"http:\/\/helbab.cz\/wp-content\/uploads\/dobr.d.cv_.-5.1.-lehke.pdf\" target=\"_blank\" rel=\"noopener\">dobr.d.cv. 5.-12.1. lehke\u0301. <\/a>+\u00a0<a href=\"http:\/\/helbab.cz\/wp-content\/uploads\/dobr.d.cv_.-5.1.-tezke.pdf\" target=\"_blank\" rel=\"noopener\">dobr.d.cv. 5.-12.1. te\u030cz\u030cke\u0301<\/a><\/p>\n<p><a href=\"http:\/\/helbab.cz\/wp-content\/uploads\/tydenni-plan-8.-12.12.pdf\" target=\"_blank\" rel=\"noopener\">t\u00fddenn\u00ed pl\u00e1n 8.-12.12.<\/a><\/p>\n<p><a href=\"http:\/\/helbab.cz\/wp-content\/uploads\/tydenni-plan-1.-5.12.pdf\" target=\"_blank\" rel=\"noopener\">ty\u0301denni\u0301 pla\u0301n 1.-5.12.<\/a>\u00a0 +\u00a0 <a href=\"http:\/\/helbab.cz\/wp-content\/uploads\/dobr.d.cv_.-1.-8.12.-lehke.pdf\" target=\"_blank\" rel=\"noopener\">dobr.d.cv. 1.-8.12. lehk\u00e9<\/a>\u00a0 +\u00a0 <a href=\"http:\/\/helbab.cz\/wp-content\/uploads\/dobr.d.cv_.-1.-8.12.tezsi_.pdf\" target=\"_blank\" rel=\"noopener\">dobr.d.cv. 1.-8.12.t\u011b\u017e\u0161\u00ed<\/a><\/p>\n<p><a href=\"http:\/\/helbab.cz\/wp-content\/uploads\/tydenni-plan-24.-28.11.pdf\">t\u00fddenn\u00ed pl\u00e1n 24.-28.11.<\/a>\u00a0 + + <a href=\"http:\/\/helbab.cz\/wp-content\/uploads\/dobr.d.cv_.-24.11.-1.12.-lehke.pdf\" target=\"_blank\" rel=\"noopener\">dobr.d.cv. 24.11.-1.12.lehk\u00e9<\/a>\u00a0+ <a href=\"http:\/\/helbab.cz\/wp-content\/uploads\/dobr.-d.cv_.-tezsi-24.11.-1.12.pdf\" target=\"_blank\" rel=\"noopener\">dobr.d.cv. 24.11.-1.12.t\u011b\u017e\u0161\u00ed<\/a><\/p>\n<p><a href=\"http:\/\/helbab.cz\/wp-content\/uploads\/tydenni-plan-18.-21.11.pdf\" target=\"_blank\" rel=\"noopener\">t\u00fddenn\u00ed pl\u00e1n 18.-21.11.<\/a>\u00a0 +\u00a0 <a href=\"http:\/\/helbab.cz\/wp-content\/uploads\/dobr.-d.cv_.-18.-24.11.-lehke.pdf\" target=\"_blank\" rel=\"noopener\">dobr. d.cv. 18.-24.11. lehk\u00e9\u00a0<\/a> + <a href=\"http:\/\/helbab.cz\/wp-content\/uploads\/dobr.-d.cv_.-18.-24.11.-tezke.pdf\" target=\"_blank\" rel=\"noopener\">dobr. d.cv. 18.-24.11. t\u011b\u017ek\u00e9<\/a> \u00a0<\/p>\n<p><a href=\"http:\/\/helbab.cz\/wp-content\/uploads\/tydenni-plan-10.-14.11.pdf\" target=\"_blank\" rel=\"noopener\">t\u00fddenn\u00ed pl\u00e1n 10.-14.11.\u00a0<\/a> +<\/p>\n<p><a href=\"http:\/\/helbab.cz\/wp-content\/uploads\/tydenni-plan-3.-7.11.pdf\" target=\"_blank\" rel=\"noopener\">t\u00fddenn\u00ed pl\u00e1n 3.-7.11.<\/a>\u00a0 +\u00a0\u00a0\u00a0<a href=\"http:\/\/helbab.cz\/wp-content\/uploads\/dobr.-d.cv_.-4.-10.11.lehke_.pdf\" target=\"_blank\" rel=\"noopener\">dobr. d.cv. 4.-10.11.lehk\u00e9<\/a>\u00a0 +\u00a0\u00a0<a href=\"http:\/\/helbab.cz\/wp-content\/uploads\/dobr.-d.cv_.-4.-10.11.-tezke.pdf\" target=\"_blank\" rel=\"noopener\">dobr. d.cv. 4.-10.11. t\u011b\u017ek\u00e9\u00a0 <\/a>(term\u00edn odevzd\u00e1n\u00ed 10.11.)<\/p>\n<p><a href=\"http:\/\/helbab.cz\/wp-content\/uploads\/tydenni-plan-20.-24.10.pdf\" target=\"_blank\" rel=\"noopener\">t\u00fddenn\u00ed pl\u00e1n 20.-24.10.<\/a>\u00a0 +\u00a0 <a href=\"http:\/\/helbab.cz\/wp-content\/uploads\/dob.d.cv_.-lehke-1-20.10.-4.11.pdf\" target=\"_blank\" rel=\"noopener\">dobr.d.cv. lehk\u00e9 1<\/a> +\u00a0 <a href=\"http:\/\/helbab.cz\/wp-content\/uploads\/dobr.d.cv_.-lehke-2-20.10.-4.11.pdf\" target=\"_blank\" rel=\"noopener\">dobr.d.cv. lehk\u00e9 2<\/a> + <a href=\"http:\/\/helbab.cz\/wp-content\/uploads\/dobr.d.cv_.-tezsi-20.10.-4.11.pdf\" target=\"_blank\" rel=\"noopener\">dobr.d.cv. t\u011b\u017e\u0161\u00ed\u00a0 <\/a>(term\u00edn odevzd\u00e1n\u00ed 4.11.)<\/p>\n<p><a href=\"http:\/\/helbab.cz\/wp-content\/uploads\/tydenni-plan-13.-17.10.pdf\" target=\"_blank\" rel=\"noopener\">t\u00fddenn\u00ed pl\u00e1n 13.-17.10.<\/a>\u00a0+\u00a0 <a href=\"http:\/\/helbab.cz\/wp-content\/uploads\/dobr.d.cv_.-13.-20.10.pdf\" target=\"_blank\" rel=\"noopener\">dobr.d.cv. 13. &#8211; druhy v\u011bt<\/a> (term\u00edn odevzd\u00e1n\u00ed 20.10.) \u00a0<\/p>\n<p><a href=\"http:\/\/helbab.cz\/wp-content\/uploads\/tydenni-plan-6.-10.10.pdf\" target=\"_blank\" rel=\"noopener\">t\u00fddenn\u00ed pl\u00e1n 6.-10.10.<\/a>\u00a0 +\u00a0\u00a0\u00a0\u00a0 <a href=\"http:\/\/helbab.cz\/wp-content\/uploads\/dobr.d.cv_.-6.10.pdf\" target=\"_blank\" rel=\"noopener\">dobr.d..cv. 6.10.\u00a0 &#8211; s\u010d\u00edt\u00e1n\u00ed a od\u010d\u00edt\u00e1n\u00ed do 20<\/a> \u00a0(term\u00edn odevzd\u00e1n\u00ed 13.10.)<\/p>\n<p><a href=\"http:\/\/helbab.cz\/wp-content\/uploads\/plan-29.9.-3.10.pdf\" target=\"_blank\" rel=\"noopener\">t\u00fddenn\u00ed pl\u00e1n 29.9. &#8211; 3.10.<\/a>\u00a0 \u00a0+\u00a0 <a href=\"http:\/\/helbab.cz\/wp-content\/uploads\/dobr.d.cv_.-29.9.-abeceda.pdf\" target=\"_blank\" rel=\"noopener\">dobr.d.cv. 29.9. &#8211; abeceda<\/a>\u00a0 (term\u00edn odevzd\u00e1n\u00ed 6.10.)<\/p>\n<p><strong><span style=\"color: #ff0000;\">22. &#8211; 26.9.<\/span><\/strong><\/p>\n<p style=\"text-align: left;\"><strong>\u010cJ<\/strong> &#8211; pr.s. 11-12, u\u010d. 7-11, p\u00edsanka 8-10\u00a0 \u00a0 \u00a0 \u00a0 \u00a0 \u00a0 \u00a0 \u00a0 \u00a0 \u00a0 \u00a0 \u00a0 \u00a0 \u00a0 \u00a0 \u00a0 \u00a0 \u00a0 \u00a0 \u00a0 \u00a0 \u00a0 \u00a0 \u00a0 \u00a0 \u00a0 \u00a0 \u00a0 \u00a0 \u00a0 \u00a0 \u00a0 \u00a0 \u00a0 \u00a0 \u00a0 \u00a0 \u00a0 \u00a0 \u00a0 \u00a0 \u00a0 \u00a0 \u00a0 \u00a0 \u00a0<\/p>\n<p style=\"text-align: left;\"><strong>M<\/strong> &#8211; pr.s. 14-16, 17\/1, 2\u00a0 \u00a0 \u00a0 \u00a0 \u00a0 \u00a0 \u00a0 \u00a0 \u00a0 \u00a0 \u00a0 \u00a0 \u00a0 \u00a0 \u00a0 \u00a0 \u00a0 \u00a0 \u00a0 \u00a0 \u00a0 \u00a0 \u00a0 \u00a0 \u00a0 \u00a0 \u00a0 \u00a0 \u00a0 \u00a0 \u00a0 \u00a0 \u00a0 \u00a0 \u00a0 \u00a0 \u00a0 \u00a0 \u00a0 \u00a0 \u00a0 \u00a0 \u00a0 \u00a0 \u00a0 \u00a0 \u00a0 \u00a0 \u00a0 \u00a0 \u00a0 \u00a0 \u00a0 \u00a0 \u00a0 \u00a0 \u00a0 \u00a0 \u00a0 \u00a0 \u00a0 \u00a0 \u00a0 \u00a0 \u00a0\u00a0<\/p>\n<p style=\"text-align: left;\"><strong>PRV<\/strong> &#8211; co je to minulost; pov\u011bsti &#8211; O Libu\u0161i, O Bivojovi, O Horym\u00edrovi a \u0160em\u00edkovi, O d\u00edv\u010d\u00ed v\u00e1lce<\/p>\n<p><strong><span style=\"color: #ff0000;\">15. &#8211; 19.9.<\/span><\/strong><\/p>\n<p style=\"text-align: left;\"><strong>\u010cJ<\/strong> &#8211; pr.s. 8-11, u\u010d. 7-11, p\u00edsanka 6-7\u00a0 \u00a0 \u00a0 \u00a0 \u00a0 \u00a0 \u00a0 \u00a0 \u00a0 \u00a0 \u00a0 \u00a0 \u00a0 \u00a0 \u00a0 \u00a0 \u00a0 \u00a0 \u00a0 \u00a0 \u00a0 \u00a0 \u00a0 \u00a0 \u00a0 \u00a0 \u00a0 \u00a0 \u00a0 \u00a0 \u00a0 \u00a0 \u00a0 \u00a0 \u00a0 \u00a0 \u00a0 \u00a0 \u00a0 \u00a0 \u00a0 \u00a0 \u00a0 \u00a0 \u00a0 \u00a0 \u00a0 \u00a0<\/p>\n<p style=\"text-align: left;\"><strong>M<\/strong> &#8211; pr.s. 12-14\u00a0 \u00a0 \u00a0 \u00a0 \u00a0 \u00a0 \u00a0 \u00a0 \u00a0 \u00a0 \u00a0 \u00a0 \u00a0 \u00a0 \u00a0 \u00a0 \u00a0 \u00a0 \u00a0 \u00a0 \u00a0 \u00a0 \u00a0 \u00a0 \u00a0 \u00a0 \u00a0 \u00a0 \u00a0 \u00a0 \u00a0 \u00a0 \u00a0 \u00a0 \u00a0 \u00a0 \u00a0 \u00a0 \u00a0 \u00a0 \u00a0 \u00a0 \u00a0 \u00a0 \u00a0 \u00a0 \u00a0 \u00a0 \u00a0 \u00a0 \u00a0 \u00a0 \u00a0 \u00a0 \u00a0 \u00a0 \u00a0 \u00a0 \u00a0 \u00a0 \u00a0 \u00a0 \u00a0 \u00a0 \u00a0 \u00a0<\/p>\n<p style=\"text-align: left;\"><strong>PRV<\/strong> &#8211; pr.s. 4-7<\/p>\n\n\n<p>&nbsp;<\/p>\n","protected":false},"excerpt":{"rendered":"<p>ty\u0301denni\u0301 pla\u0301n 13.-17.4.\u00a0 +\u00a0dobr.d.cv. 13.4. lehc\u030ci\u0301\u00a0 + dobr.d.cv. 13.4. te\u030cz\u030cs\u030ci\u0301 ty\u0301denni\u0301 pla\u0301n 7.-10.4.\u00a0+\u00a0 dobr.d.cv. 7.4. lehc\u030ci\u0301 + dobr.d.cv. 7.4. &#8211; te\u030cz\u030cs\u030ci\u0301 ty\u0301denni\u0301 pla\u0301n 30.3.-1.4. ty\u0301denni\u0301 pla\u0301n 23.-27.3. +\u00a0dobr.d.cv. 23.3. lehc\u030ci\u0301.\u00a0 +\u00a0 dobr.d.cv. 23.3. te\u030cz\u030cs\u030ci\u0301\u00a0 ty\u0301denni\u0301 pla\u0301n 16.-20.3.\u00a0 +\u00a0 dobr. d.cv.16.3. lehc\u030ci\u0301 +\u00a0 dobr.d.cv. 16.3. te\u030cz\u030cs\u030ci\u0301\u00a0 ty\u0301denni\u0301 pla\u0301n 2.-6.3. ty\u0301denni\u0301 pla\u0301n 23.-27.2.\u00a0 +\u00a0dobr.d.cv. 23.2. lehc\u030ci\u0301.\u00a0 +\u00a0dobr.d.cv. [&hellip;]<\/p>\n","protected":false},"author":1,"featured_media":0,"parent":4781,"menu_order":0,"comment_status":"closed","ping_status":"closed","template":"","meta":{"footnotes":""},"class_list":["post-19515","page","type-page","status-publish","hentry"],"_links":{"self":[{"href":"https:\/\/helbab.cz\/index.php?rest_route=\/wp\/v2\/pages\/19515"}],"collection":[{"href":"https:\/\/helbab.cz\/index.php?rest_route=\/wp\/v2\/pages"}],"about":[{"href":"https:\/\/helbab.cz\/index.php?rest_route=\/wp\/v2\/types\/page"}],"author":[{"embeddable":true,"href":"https:\/\/helbab.cz\/index.php?rest_route=\/wp\/v2\/users\/1"}],"replies":[{"embeddable":true,"href":"https:\/\/helbab.cz\/index.php?rest_route=%2Fwp%2Fv2%2Fcomments&post=19515"}],"version-history":[{"count":628,"href":"https:\/\/helbab.cz\/index.php?rest_route=\/wp\/v2\/pages\/19515\/revisions"}],"predecessor-version":[{"id":25874,"href":"https:\/\/helbab.cz\/index.php?rest_route=\/wp\/v2\/pages\/19515\/revisions\/25874"}],"up":[{"embeddable":true,"href":"https:\/\/helbab.cz\/index.php?rest_route=\/wp\/v2\/pages\/4781"}],"wp:attachment":[{"href":"https:\/\/helbab.cz\/index.php?rest_route=%2Fwp%2Fv2%2Fmedia&parent=19515"}],"curies":[{"name":"wp","href":"https:\/\/api.w.org\/{rel}","templated":true}]}}