{"id":2357,"date":"2010-02-02T23:03:59","date_gmt":"2010-02-02T22:03:59","guid":{"rendered":"http:\/\/helbab.cz\/?page_id=2357"},"modified":"2026-04-15T21:15:27","modified_gmt":"2026-04-15T20:15:27","slug":"co-nas-ceka","status":"publish","type":"page","link":"https:\/\/helbab.cz\/?page_id=2357","title":{"rendered":"Co n\u00e1s \u010dek\u00e1"},"content":{"rendered":"<h1><span style=\"text-decoration: underline; color: #ff0000;\">DUBEN<\/span><\/h1>\n<p><strong>20. (pond\u011bl\u00ed)<\/strong> &#8211; 6. plav\u00e1n\u00ed<\/p>\n<p><strong>22. (st\u0159eda)<\/strong> &#8211; Den Zem\u011b &#8211; beseda N\u00e1\u0161 les &#8211; 80 K\u010d<\/p>\n<p><strong>27.\u00a0 (pond\u011bl\u00ed)<\/strong> &#8211; 7. plav\u00e1n\u00ed<\/p>\n<p><strong>29. (st\u0159eda)<\/strong> &#8211; exkurze Praha Pet\u0159\u00edn<\/p>\n<h1><span style=\"text-decoration: underline; color: #ff0000;\">KV\u011aTEN<\/span><\/h1>\n<p><strong>4. (pond\u011bl\u00ed)<\/strong> &#8211; 8. plav\u00e1n\u00ed<\/p>\n<p><strong>11. (pond\u011bl\u00ed)<\/strong> &#8211; 9. plav\u00e1n\u00ed<\/p>\n<p><strong>18. (pond\u011bl\u00ed)<\/strong> &#8211; 10. plav\u00e1n\u00ed<\/p>\n<p><strong>25.-29. (pond\u011bl\u00ed &#8211; p\u00e1tek)<\/strong> &#8211; sportovn\u00ed kurz<\/p>\n<h1><span style=\"text-decoration: underline; color: #ff0000;\">\u010cERVEN<\/span><\/h1>\n<p><strong>1.(pond\u011bl\u00ed)<\/strong> &#8211; Den d\u011bt\u00ed<\/p>\n<p>\u0161koln\u00ed v\u00fdlet<\/p>\n<p><strong>22. (pond\u011bl\u00ed)<\/strong> &#8211; ochrana \u010dlov\u011bka za mimo\u0159\u00e1dn\u00fdch ud\u00e1lost\u00ed<\/p>\n<p><strong>23.-24. (\u00fater\u00fd &#8211; st\u0159eda)<\/strong> &#8211; t\u0159\u00eddnick\u00e9 pr\u00e1ce<\/p>\n<p><span style=\"color: #ffffff;\"><strong>11. (pond\u011bl\u00ed)<\/strong> &#8211; divadlo Kol\u00edn &#8211; \u010cesk\u00e9 v\u00e1noce J. Lady (50 K\u010d + autobus, vlak)<\/span><\/p>\n<p><span style=\"color: #ffffff;\"><strong>14. (\u010dtvrtek)<\/strong> &#8211; knihovna V. Osek &#8211; beseda V\u00e1noce J. Lady<\/span><\/p>\n<p><span style=\"color: #ffffff;\"><strong>18. (pond\u011bl\u00ed)<\/strong> &#8211; v\u00fdstava Sedmi\u010dky J. Lady &#8211; galerie Tan\u010d\u00edc\u00ed d\u016fm &#8211; Praha<\/span><\/p>\n<p><span style=\"color: #ffffff;\"><strong>19. (\u00fater\u00fd)<\/strong> &#8211; div. p\u0159edstav. Vesel\u00e9 V\u00e1noce &#8211; pro 3. B<\/span><\/p>\n<p><span style=\"color: #ffffff;\">\u00a0v\u00e1no\u010dn\u00ed koncert L\u0160U\u00a0<\/span><\/p>\n<p><span style=\"color: #ffffff;\">\u00a0 \u00a0 \u00a0 \u00a0 \u00a0 \u00a0 \u00a0 \u00a0 \u00a0 \u00a0 \u00a0 \u00a0 \u00a0 \u00a0 \u00a0v\u00e1no\u010dn\u00ed bes\u00eddka (od 17 hod.) s posezen\u00edm\u00a0<\/span><\/p>\n<p><span style=\"color: #ffffff;\"><strong>21. (\u010dtvrtek)<\/strong> &#8211; Den deskov\u00fdch her<\/span><\/p>\n<p><span style=\"color: #ffffff;\"><strong>22. (p\u00e1tek)<\/strong> &#8211; hrajeme deskov\u00e9 hry (1. a 2. hod.)<\/span><\/p>\n<p><span style=\"color: #ffffff;\">\u00a0 \u00a0 \u00a0 \u00a0 \u00a0 \u00a0 \u00a0 \u00a0 \u00a0 \u00a0 \u00a0 \u00a0 \u00a0 \u00a0v\u00e1no\u010dn\u00ed zp\u00edv\u00e1n\u00ed cel\u00e9 \u0161koly (3. hod.),rozd\u00e1n\u00ed d\u00e1re\u010dk\u016f ve t\u0159\u00edd\u011b (4. hod.)<\/span><\/p>\n<h1><span style=\"color: #ffffff;\"><span style=\"text-decoration: underline;\">LEDEN<\/span><\/span><\/h1>\n<p><span style=\"color: #ffffff;\"><strong>8., 15., 22., 29. (pond\u011bl\u00ed)<\/strong> &#8211; plav\u00e1n\u00ed<\/span><\/p>\n<p><span style=\"color: #ffffff;\"><strong>31. (st\u0159eda)<\/strong> &#8211; p\u0159ekvapen\u00ed p\u0159ed vysv\u011bd\u010den\u00edm<\/span><\/p>\n<h1><span style=\"text-decoration: underline; color: #ffffff;\">\u00daNOR<\/span><\/h1>\n<p><span style=\"color: #ffffff;\"><strong>1. (\u010dtvrtek)<\/strong> &#8211; turnaj 3. t\u0159\u00edd v pi\u0161kvork\u00e1ch (1. a 2. hod.)<\/span><\/p>\n<p><span style=\"color: #ffffff;\"><strong>21. (st\u0159eda)<\/strong> &#8211; recita\u010dn\u00ed sout\u011b\u017e<\/span><\/p>\n<p><span style=\"color: #ffffff;\"><strong>5., 12., 19. (pond\u011bl\u00ed)<\/strong> &#8211; plav\u00e1n\u00ed<\/span><\/p>\n<h1><span style=\"color: #ffffff;\"><span style=\"text-decoration: underline;\">B\u0158EZEN<\/span><\/span><\/h1>\n<p><span style=\"color: #ffffff;\">\u00a0<strong>\u00a05., 12., 19. (pond\u011bl\u00ed)<\/strong> &#8211; plav\u00e1n\u00ed\u00a0<\/span><\/p>\n<p><span style=\"color: #ffffff;\"><strong>16. (p\u00e1tek)<\/strong> &#8211; so<\/span><\/p>\n<p><span style=\"color: #ffffff;\"><strong>26. (pond\u011bl\u00ed)<\/strong> &#8211; exkurze Praha &#8211; Sen\u00e1t, st\u0159\u00edd\u00e1n\u00ed str\u00e1\u017ee na Pra\u017esk\u00e9m hrad\u011b<\/span><\/p>\n<p><span style=\"color: #ffffff;\"><strong>27. (\u00fater\u00fd)<\/strong> &#8211; beseda se spisovatelkou Ivonou B\u0159ezinovou<\/span><\/p>\n<p><span style=\"color: #ffffff;\"><strong>27. &#8211; 28. (\u00fater\u00fd &#8211; st\u0159eda)<\/strong> &#8211; Noc s Andersenem (span\u00ed ve \u0161kole) &#8211; \u010d\u00edst n\u00e1m budou babi\u010dky a d\u011bde\u010dkov\u00e9<\/span><\/p>\n<h1><span style=\"text-decoration: underline; color: #ffffff;\">DUBEN<\/span><\/h1>\n<p><span style=\"color: #ffffff;\"><strong>\u00a09. (pond\u011bl\u00ed)<\/strong>\u00a0\u2013 v\u00fdlet Lu\u017en\u00edm lesem, exkurze Husl\u00edk<\/span><\/p>\n<p><span style=\"color: #ffffff;\"><strong>18. (st\u0159eda)<\/strong>\u00a0\u2013 hudebn\u00ed po\u0159ad Ani film se bez hudby neobejde (45 K\u010d)<\/span><\/p>\n<p><span style=\"color: #ffffff;\"><strong>20. (p\u00e1tek)<\/strong> &#8211; v\u00fdstava o \u017eivotn\u00edm prost\u0159ed\u00ed &#8211; Kol\u00edn (odpoledne &#8211; pro z\u00e1jemce)<\/span><\/p>\n<p><span style=\"color: #ffffff;\"><strong>23. &#8211; 27. \u00a0(pond\u011bl\u00ed &#8211; p\u00e1tek)<\/strong> &#8211; sb\u011br pap\u00edru a plastov\u00fdch v\u00ed\u010dek<\/span><\/p>\n<p><span style=\"color: #ffffff;\"><strong>23. (pond\u011bl\u00ed)<\/strong> &#8211; Den Zem\u011b, beseda Krkavcovit\u00ed (65 K\u010d)<\/span><\/p>\n<p><span style=\"color: #ffffff;\"><strong>30. (pond\u011bl\u00ed)<\/strong>\u00a0\u2013 Olympijsk\u00fd diplom \u2013 sportovn\u00ed den s rodi\u010di<\/span><\/p>\n<h1><span style=\"color: #ffffff;\"><span style=\"text-decoration: underline;\">KV\u011aTEN<\/span><\/span><\/h1>\n<p><span style=\"color: #ffffff;\"><strong>22. (\u00fater\u00fd)<\/strong> &#8211; focen\u00ed cel\u00e9 t\u0159\u00eddy<\/span><\/p>\n<p><span style=\"color: #ffffff;\"><strong>28. (pond\u011bl\u00ed)<\/strong> &#8211; exkurze Pra\u017esk\u00fd hrad &#8211; kancel\u00e1\u0159e prezidenta republiky<\/span><\/p>\n<h1><span style=\"color: #ffffff;\"><span style=\"text-decoration: underline;\">\u010cERVEN<\/span><\/span><\/h1>\n<p><span style=\"color: #ffffff;\"><strong>1. (p\u00e1tek)<\/strong> &#8211; Den d\u011bt\u00ed\u00a0<\/span><\/p>\n<p><span style=\"color: #ffffff;\"><strong>11. &#8211; 15. (pond\u011bl\u00ed &#8211; p\u00e1tek)<\/strong> &#8211; \u0161kola v p\u0159\u00edrod\u011b (<\/span><\/p>\n<p><span style=\"color: #ffffff;\"><strong>18. &#8211; 19. (pond\u011bl\u00ed, \u00fater\u00fd)<\/strong> &#8211; sportovn\u00ed dny 1. stupn\u011b\u00a0 \u00a0 \u00a0&#8211; zru\u0161eno<\/span><\/p>\n<p><span style=\"color: #ffffff;\"><strong>25. (pond\u011bl\u00ed)<\/strong> &#8211; Ochrana \u010dlov\u011bka za mimo\u0159\u00e1dn\u00fdch ud\u00e1lost\u00ed &#8211; exkurze Hasi\u010dsk\u00fd z\u00e1chrann\u00fd sbor Kol\u00edn<\/span><\/p>\n<p><span style=\"color: #ffffff;\"><strong>26. (\u00fater\u00fd)<\/strong> &#8211; \u0161koln\u00ed v\u00fdlet Mirakulum (Milovice)<\/span><\/p>\n<p><span style=\"color: #ffffff;\"><strong>28. (\u010dtvrtek)<\/strong> &#8211; rozlu\u010dka se \u017e\u00e1ky 9. t\u0159\u00edd<\/span><\/p>\n<p><span style=\"color: #008000;\"><strong>\u00a0<\/strong><\/span><\/p>\n<p><span style=\"color: #008000;\"><strong>\u00a0<\/strong><\/span><\/p>\n","protected":false},"excerpt":{"rendered":"<p>DUBEN 20. (pond\u011bl\u00ed) &#8211; 6. plav\u00e1n\u00ed 22. (st\u0159eda) &#8211; Den Zem\u011b &#8211; beseda N\u00e1\u0161 les &#8211; 80 K\u010d 27.\u00a0 (pond\u011bl\u00ed) &#8211; 7. plav\u00e1n\u00ed 29. (st\u0159eda) &#8211; exkurze Praha Pet\u0159\u00edn KV\u011aTEN 4. (pond\u011bl\u00ed) &#8211; 8. plav\u00e1n\u00ed 11. (pond\u011bl\u00ed) &#8211; 9. plav\u00e1n\u00ed 18. (pond\u011bl\u00ed) &#8211; 10. plav\u00e1n\u00ed 25.-29. (pond\u011bl\u00ed &#8211; p\u00e1tek) &#8211; sportovn\u00ed kurz \u010cERVEN 1.(pond\u011bl\u00ed) &#8211; [&hellip;]<\/p>\n","protected":false},"author":1,"featured_media":0,"parent":0,"menu_order":0,"comment_status":"open","ping_status":"open","template":"","meta":{"footnotes":""},"class_list":["post-2357","page","type-page","status-publish","hentry"],"_links":{"self":[{"href":"https:\/\/helbab.cz\/index.php?rest_route=\/wp\/v2\/pages\/2357"}],"collection":[{"href":"https:\/\/helbab.cz\/index.php?rest_route=\/wp\/v2\/pages"}],"about":[{"href":"https:\/\/helbab.cz\/index.php?rest_route=\/wp\/v2\/types\/page"}],"author":[{"embeddable":true,"href":"https:\/\/helbab.cz\/index.php?rest_route=\/wp\/v2\/users\/1"}],"replies":[{"embeddable":true,"href":"https:\/\/helbab.cz\/index.php?rest_route=%2Fwp%2Fv2%2Fcomments&post=2357"}],"version-history":[{"count":570,"href":"https:\/\/helbab.cz\/index.php?rest_route=\/wp\/v2\/pages\/2357\/revisions"}],"predecessor-version":[{"id":25879,"href":"https:\/\/helbab.cz\/index.php?rest_route=\/wp\/v2\/pages\/2357\/revisions\/25879"}],"wp:attachment":[{"href":"https:\/\/helbab.cz\/index.php?rest_route=%2Fwp%2Fv2%2Fmedia&parent=2357"}],"curies":[{"name":"wp","href":"https:\/\/api.w.org\/{rel}","templated":true}]}}