{"id":9124,"date":"2014-01-05T14:00:15","date_gmt":"2014-01-05T13:00:15","guid":{"rendered":"http:\/\/helbab.cz\/?page_id=9124"},"modified":"2026-04-26T07:16:28","modified_gmt":"2026-04-26T06:16:28","slug":"uvodni-stranka","status":"publish","type":"page","link":"https:\/\/helbab.cz\/","title":{"rendered":"Ahoj v\u0161ichni!"},"content":{"rendered":"<p><span style=\"color: #ff0000;\"><strong>Z\u00edtra (v pond\u011bl\u00ed) nezapome\u0148 PLAV\u00c1N\u00cd.<\/strong><\/span><\/p>\n<p><strong><span style=\"color: #ff0000;\">24.4.<\/span>\u00a0<\/strong><a href=\"https:\/\/helbab.cz\/?page_id=8317\" data-type=\"page\" data-id=\"8317\">dom\u00e1c\u00ed p\u0159\u00edprava<\/a><\/p>\n<p><span style=\"color: #ff0000;\"><strong>26.4.<\/strong> <\/span><a href=\"https:\/\/helbab.cz\/?page_id=19515\" data-type=\"page\" data-id=\"19515\">t\u00fddenn\u00ed\u00a0 pl\u00e1n + informace st\u0159ede\u010dn\u00ed exkurze<\/a>\u00a0<\/p>\n<p><strong><span style=\"color: #ff0000;\">27.3.\u00a0<\/span><\/strong><a href=\"https:\/\/helbab.cz\/?page_id=23719\">na\u0161e pr\u00e1ce<\/a> (sn\u011b\u017eenky, pozn\u00e1\u0161 p\u00edsni\u010dku, ko\u010di\u010dky ve v\u00e1ze)<\/p>\n<p><span style=\"color: #800000;\">m\u016f\u017ee\u0161 pozorovat <a style=\"color: #800000;\" href=\"https:\/\/www.youtube.com\/watch?v=ABJTbc2tOc4\" target=\"_blank\" rel=\"noopener\">\u010dap\u00ed hn\u00edzdo<\/a><\/span><\/p>\n\n<div class=\"wp-block-image\">\n<figure class=\"alignleft size-large\"><img loading=\"lazy\" decoding=\"async\" width=\"1024\" height=\"678\" src=\"https:\/\/helbab.cz\/wp-content\/uploads\/DSC_0173-DOLU-1024x678.jpg\" alt=\"\" class=\"wp-image-25016\" srcset=\"https:\/\/helbab.cz\/wp-content\/uploads\/DSC_0173-DOLU-1024x678.jpg 1024w, https:\/\/helbab.cz\/wp-content\/uploads\/DSC_0173-DOLU-300x199.jpg 300w, https:\/\/helbab.cz\/wp-content\/uploads\/DSC_0173-DOLU-768x509.jpg 768w, https:\/\/helbab.cz\/wp-content\/uploads\/DSC_0173-DOLU-1536x1017.jpg 1536w, https:\/\/helbab.cz\/wp-content\/uploads\/DSC_0173-DOLU-2048x1356.jpg 2048w\" sizes=\"(max-width: 1024px) 100vw, 1024px\" \/><\/figure><\/div>\n\n\n<p><\/p>\n\n\n\n<h1 class=\"wp-block-heading\">&nbsp;<\/h1>\n\n\n\n<p class=\"has-vivid-red-color has-text-color has-link-color wp-elements-c9365267f914bd71ea50e5e539e3962b\"><\/p>\n\n\n\n<p class=\"has-vivid-purple-color has-text-color has-link-color wp-elements-c91f8deee3c04b730e14abb8038927ba\"><\/p>\n\n\n\n<p><\/p>\n","protected":false},"excerpt":{"rendered":"<p>Z\u00edtra (v pond\u011bl\u00ed) nezapome\u0148 PLAV\u00c1N\u00cd. 24.4.\u00a0dom\u00e1c\u00ed p\u0159\u00edprava 26.4. t\u00fddenn\u00ed\u00a0 pl\u00e1n + informace st\u0159ede\u010dn\u00ed exkurze\u00a0 27.3.\u00a0na\u0161e pr\u00e1ce (sn\u011b\u017eenky, pozn\u00e1\u0161 p\u00edsni\u010dku, ko\u010di\u010dky ve v\u00e1ze) m\u016f\u017ee\u0161 pozorovat \u010dap\u00ed hn\u00edzdo &nbsp;<\/p>\n","protected":false},"author":1,"featured_media":0,"parent":0,"menu_order":0,"comment_status":"closed","ping_status":"closed","template":"","meta":{"footnotes":""},"class_list":["post-9124","page","type-page","status-publish","hentry"],"_links":{"self":[{"href":"https:\/\/helbab.cz\/index.php?rest_route=\/wp\/v2\/pages\/9124"}],"collection":[{"href":"https:\/\/helbab.cz\/index.php?rest_route=\/wp\/v2\/pages"}],"about":[{"href":"https:\/\/helbab.cz\/index.php?rest_route=\/wp\/v2\/types\/page"}],"author":[{"embeddable":true,"href":"https:\/\/helbab.cz\/index.php?rest_route=\/wp\/v2\/users\/1"}],"replies":[{"embeddable":true,"href":"https:\/\/helbab.cz\/index.php?rest_route=%2Fwp%2Fv2%2Fcomments&post=9124"}],"version-history":[{"count":4528,"href":"https:\/\/helbab.cz\/index.php?rest_route=\/wp\/v2\/pages\/9124\/revisions"}],"predecessor-version":[{"id":25927,"href":"https:\/\/helbab.cz\/index.php?rest_route=\/wp\/v2\/pages\/9124\/revisions\/25927"}],"wp:attachment":[{"href":"https:\/\/helbab.cz\/index.php?rest_route=%2Fwp%2Fv2%2Fmedia&parent=9124"}],"curies":[{"name":"wp","href":"https:\/\/api.w.org\/{rel}","templated":true}]}}